{"id":46,"date":"2024-03-25T12:09:58","date_gmt":"2024-03-25T12:09:58","guid":{"rendered":"https:\/\/fshb.basketball\/?page_id=46"},"modified":"2026-02-20T12:26:30","modified_gmt":"2026-02-20T12:26:30","slug":"u18-djem","status":"publish","type":"page","link":"https:\/\/fshb.basketball\/index.php\/u18-djem\/","title":{"rendered":"U18 Djem"},"content":{"rendered":"<p><a href=\"https:\/\/fshb.basketball\/wp-content\/uploads\/2025\/11\/ALFA-BASKET-Lista-e-lojtareve-2025-26-Kampionati-Kombetar-U18-Djem.pdf\">ALFA BASKET Lista e lojtar\u00ebve 2025-26 Kampionati Komb\u00ebtar U18 Djem<\/a><\/p>\n<p><a href=\"https:\/\/fshb.basketball\/wp-content\/uploads\/2025\/12\/APOLONIA-Lista-e-lojtareve-2025-26-Kampionati-Kombetar-U18-Djem-08.12.2025.pdf\">APOLONIA Lista e lojtar\u00ebve 2025-26 Kampionati Komb\u00ebtar U18 Djem 08.12.2025<\/a><\/p>\n<p><a href=\"https:\/\/fshb.basketball\/wp-content\/uploads\/2025\/11\/BESELIDHJA-Lista-e-lojtareve-2025-26-Kampionati-Kombetar-U18-Djem.pdf\">BES\u00cbLIDHJA Lista e lojtar\u00ebve 2025-26 Kampionati Komb\u00ebtar U18 Djem<\/a><\/p>\n<p><a href=\"https:\/\/fshb.basketball\/wp-content\/uploads\/2026\/02\/DINAMO-Lista-e-lojtareve-2025-26-Kampionati-Kombetar-U18-Djem-30.01.2026.pdf\">DINAMO Lista e lojtar\u00ebve 2025-26 Kampionati Komb\u00ebtar U18 Djem 30.01.2026<\/a><\/p>\n<p><a href=\"https:\/\/fshb.basketball\/wp-content\/uploads\/2026\/02\/ELBASANI-Lista-e-lojtareve-2025-26-Kampionati-Kombetar-U18-Djem-31.01.2026.pdf\">ELBASANI Lista e lojtar\u00ebve 2025-26 Kampionati Komb\u00ebtar U18 Djem 31.01.2026<\/a><\/p>\n<p><a href=\"https:\/\/fshb.basketball\/wp-content\/uploads\/2026\/02\/ELITE-BASKET-Lista-e-lojtareve-2025-26-Kampionati-Kombetar-U18-Djem-15.01.2025.pdf\">ELITE BASKET Lista e lojtar\u00ebve 2025-26 Kampionati Komb\u00ebtar U18 Djem 15.01.2025<\/a><\/p>\n<p><a href=\"https:\/\/fshb.basketball\/wp-content\/uploads\/2025\/11\/FLAMURTARI-Lista-e-lojtareve-2025-26-Kampionati-Kombetar-U18-Djem.pdf\">FLAMURTARI Lista e lojtar\u00ebve 2025-26 Kampionati Komb\u00ebtar U18 Djem<\/a><\/p>\n<p><a href=\"https:\/\/fshb.basketball\/wp-content\/uploads\/2026\/02\/INVADERS-Lista-e-lojtareve-2025-26-Kampionati-Kombetar-U18-Djem-31.01.2026.pdf\">INVADERS Lista e lojtar\u00ebve 2025-26 Kampionati Komb\u00ebtar U18 Djem 31.01.2026<\/a><\/p>\n<p><a href=\"https:\/\/fshb.basketball\/wp-content\/uploads\/2026\/01\/JUVENILIA-Lista-e-lojtareve-2025-26-Kampionati-Kombetar-U18-Djem-30.01.2026.pdf\">JUVENILIA Lista e lojtar\u00ebve 2025-26 Kampionati Komb\u00ebtar U18 Djem 30.01.2026<\/a><\/p>\n<p><a href=\"https:\/\/fshb.basketball\/wp-content\/uploads\/2025\/11\/KB-TEUTA-Lista-e-lojtareve-2025-26-Kampionati-Kombetar-U18-Djem.pdf\">KB TEUTA Lista e lojtar\u00ebve 2025-26 Kampionati Komb\u00ebtar U18 Djem<\/a><\/p>\n<p><a href=\"https:\/\/fshb.basketball\/wp-content\/uploads\/2026\/02\/KS-TIRANA-Lista-e-lojtareve-2025-26-Kampionati-Kombetar-U18-Djem-31.01.2026.pdf\">KS TIRANA Lista e lojtar\u00ebve 2025-26 Kampionati Komb\u00ebtar U18 Djem 31.01.2026<\/a><\/p>\n<p><a href=\"https:\/\/fshb.basketball\/wp-content\/uploads\/2025\/11\/LEADERS-Lista-e-lojtareve-2025-26-Kampionati-Kombetar-U18-Djem-1.pdf\">LEADERS Lista e lojtar\u00ebve 2025-26 Kampionati Komb\u00ebtar U18 Djem<\/a><\/p>\n<p><a href=\"https:\/\/fshb.basketball\/wp-content\/uploads\/2025\/11\/MARSI-Lista-e-lojtareve-2025-26-Kampionati-Kombetar-U18-Djem.pdf\">MARSI Lista e lojtar\u00ebve 2025-26 Kampionati Komb\u00ebtar U18 Djem<\/a><\/p>\n<p><a href=\"https:\/\/fshb.basketball\/wp-content\/uploads\/2025\/11\/PARTIZANI-Lista-e-lojtareve-2025-26-Kampionati-Kombetar-U18-Djem.pdf\">PARTIZANI Lista e lojtar\u00ebve 2025-26 Kampionati Komb\u00ebtar U18 Djem<\/a><\/p>\n<p><a href=\"https:\/\/fshb.basketball\/wp-content\/uploads\/2026\/01\/POGRADECI-Lista-e-lojtareve-2025-26-Kampionati-Kombetar-U18-Djem-14.01.2026.pdf\">POGRADECI Lista e lojtar\u00ebve 2025-26 Kampionati Komb\u00ebtar U18 Djem 14.01.2026<\/a><\/p>\n<p><a href=\"https:\/\/fshb.basketball\/wp-content\/uploads\/2026\/01\/ROYAL-BASKET-Lista-e-lojtareve-2025-26-Kampionati-Kombetar-U18-Djem-16.01.2026.pdf\">ROYAL BASKET Lista e lojtar\u00ebve 2025-26 Kampionati Komb\u00ebtar U18 Djem 16.01.2026<\/a><\/p>\n<p><a href=\"https:\/\/fshb.basketball\/wp-content\/uploads\/2025\/11\/SKENDERBEU-Lista-e-lojtareve-2025-26-Kampionati-Kombetar-U18-Djem.pdf\">SK\u00cbNDERBEU Lista e lojtar\u00ebve 2025-26 Kampionati Komb\u00ebtar U18 Djem<\/a><\/p>\n<p><a href=\"https:\/\/fshb.basketball\/wp-content\/uploads\/2026\/01\/SUPERIOR-Lista-e-lojtareve-2025-26-Kampionati-Kombetar-U18-Djem-27.01.2026.pdf\">SUPERIOR Lista e lojtar\u00ebve 2025-26 Kampionati Komb\u00ebtar U18 Djem 27.01.2026<\/a><\/p>\n<p><a href=\"https:\/\/fshb.basketball\/wp-content\/uploads\/2026\/01\/VLLAZNIA-Lista-e-lojtareve-2025-26-Kampionati-Kombetar-U18-Djem-13.01.2026.pdf\">VLLAZNIA Lista e lojtar\u00ebve 2025-26 Kampionati Komb\u00ebtar U18 Djem 13.01.2026<\/a><\/p>\n","protected":false},"excerpt":{"rendered":"<p>ALFA BASKET Lista e lojtar\u00ebve 2025-26 Kampionati Komb\u00ebtar U18 Djem APOLONIA Lista e lojtar\u00ebve 2025-26 Kampionati Komb\u00ebtar U18 Djem 08.12.2025 [&hellip;]<\/p>\n","protected":false},"author":1,"featured_media":0,"parent":0,"menu_order":0,"comment_status":"closed","ping_status":"closed","template":"","meta":{"footnotes":""},"class_list":["post-46","page","type-page","status-publish","hentry"],"_links":{"self":[{"href":"https:\/\/fshb.basketball\/index.php\/wp-json\/wp\/v2\/pages\/46","targetHints":{"allow":["GET"]}}],"collection":[{"href":"https:\/\/fshb.basketball\/index.php\/wp-json\/wp\/v2\/pages"}],"about":[{"href":"https:\/\/fshb.basketball\/index.php\/wp-json\/wp\/v2\/types\/page"}],"author":[{"embeddable":true,"href":"https:\/\/fshb.basketball\/index.php\/wp-json\/wp\/v2\/users\/1"}],"replies":[{"embeddable":true,"href":"https:\/\/fshb.basketball\/index.php\/wp-json\/wp\/v2\/comments?post=46"}],"version-history":[{"count":68,"href":"https:\/\/fshb.basketball\/index.php\/wp-json\/wp\/v2\/pages\/46\/revisions"}],"predecessor-version":[{"id":2810,"href":"https:\/\/fshb.basketball\/index.php\/wp-json\/wp\/v2\/pages\/46\/revisions\/2810"}],"wp:attachment":[{"href":"https:\/\/fshb.basketball\/index.php\/wp-json\/wp\/v2\/media?parent=46"}],"curies":[{"name":"wp","href":"https:\/\/api.w.org\/{rel}","templated":true}]}}