{"id":178,"date":"2024-03-26T13:39:29","date_gmt":"2024-03-26T13:39:29","guid":{"rendered":"https:\/\/fshb.basketball\/?page_id=178"},"modified":"2024-03-26T13:48:59","modified_gmt":"2024-03-26T13:48:59","slug":"3x3","status":"publish","type":"page","link":"https:\/\/fshb.basketball\/index.php\/3x3\/","title":{"rendered":"3X3"},"content":{"rendered":"<p>&nbsp;<\/p>\n<p><a href=\"https:\/\/play.fiba3x3.com\/events\/9a8bf024-b5f5-4b2f-a95b-81e1aab2c159\">Vlora 2024 Europen City of Sport Vlor\u00eb, Vlor\u00eb, Albania, Saturday, March 23, 2024<\/a><\/p>\n<p><a href=\"https:\/\/play.fiba3x3.com\/events\/213ce05f-bcdd-44e7-8fac-bc7d939036f3\">Tirana 3&#215;3 U14-MIX, Tiran\u00eb, Albania, Sunday, February 11, 2024 &#8211; Tuesday, February 13, 2024<\/a><\/p>\n<p><a href=\"https:\/\/play.fiba3x3.com\/events\/49fe9a33-e83f-4871-b394-13484c74bd29\">3X3 TIRANA U14 DJEM, Tiran\u00eb, Albania, Sunday, January 21, 2024 &#8211; Tuesday, January 23, 2024<\/a><\/p>\n<p><a href=\"https:\/\/play.fiba3x3.com\/events\/b83d5b56-3525-4f30-a839-c3697ad634de\">3&#215;3 Tirana U14 Vajza, Tiran\u00eb, Albania, Tuesday, January 9, 2024<\/a><\/p>\n<p><a href=\"https:\/\/play.fiba3x3.com\/events\/c229c09a-75f3-403f-8573-b3a29dbc5ef0\">3&#215;3 U10 Mix Tirana, Tiran\u00eb, Albania, Thursday, December 28, 2023 &#8211; Friday, December 29, 2023<\/a><\/p>\n<p><a href=\"https:\/\/play.fiba3x3.com\/events\/f4bd83b2-4c09-4040-b035-a7f560d4c973\">3&#215;3 Tirana U-16, Tiran\u00eb, Albania, Saturday, October 28, 2023 &#8211; Sunday, October 29, 2023<\/a><\/p>\n<p><a href=\"https:\/\/play.fiba3x3.com\/events\/4d479fda-30d5-4997-a792-2cdfe280ff10\">3&#215;3 Party Tirana, Tiran\u00eb, Durr\u00ebs, Albania, Saturday, April 2, 2022 &#8211; Monday, April 4, 2022<\/a><\/p>\n<p><a href=\"https:\/\/play.fiba3x3.com\/events\/4e8dd3e5-3c8c-4172-85e4-f25513533fda\">3&#215;3 Tirana Party, Tiran\u00eb, Durr\u00ebs, Albania, Sunday, March 6, 2022 &#8211; Tuesday, March 8, 2022<\/a><\/p>\n<p><a href=\"https:\/\/play.fiba3x3.com\/events\/638d03a9-5d7d-4631-a31f-baa1893c1c9f\">3&#215;3 Tirana, Tiran\u00eb, Durr\u00ebs, Albania, Sunday, February 6, 2022 &#8211; Tuesday, February 8, 2022<\/a><\/p>\n<p><a href=\"https:\/\/play.fiba3x3.com\/events\/aa1009a8-74bb-406e-8ff7-64aa56a44bfd\">3X3 Tirana &#8211; Farie Hoti, Tiran\u00eb, Durr\u00ebs, Albania, Tuesday, December 28, 2021<\/a><\/p>\n<p><a href=\"https:\/\/play.fiba3x3.com\/events\/20e554f5-866f-4e35-918d-e5e8f0c6d41c\">Tirana 3&#215;3, Tiran\u00eb, Durr\u00ebs, Albania, Sunday, November 14, 2021 &#8211; Monday, November 15, 2021<\/a><\/p>\n<p><a href=\"https:\/\/play.fiba3x3.com\/events\/22e16309-b647-445d-b4de-8be03f464c42\">3X3 ELITE &#8211; Pogradec \/ Albania \/ Pogradec, Kor\u00e7\u00eb, Albania, Sunday, 6 June 2021<\/a><\/p>\n<p><a href=\"https:\/\/play.fiba3x3.com\/events\/395005cb-1160-496e-b730-ed59c701a53a\">3&#215;3 Albania U16 Girls, Tiran\u00eb, Durr\u00ebs, Albania, Saturday, March 27, 2021<\/a><\/p>\n<p><a href=\"https:\/\/play.fiba3x3.com\/events\/b5a2f1c3-7ea4-4441-b549-f961241f9f3e\">3X3 ELITE &#8211; Albania, Tiran\u00eb, Durr\u00ebs, Albania, Friday, July 3, 2020 &#8211; Monday, July 6, 2020<\/a><\/p>\n<p><a href=\"https:\/\/play.fiba3x3.com\/events\/a22dbe05-fd2a-4547-830c-3a8d99489fd0\">3X3 Albania 2, Tiran\u00eb, Durr\u00ebs, Albania, Tuesday, July 5, 2016 &#8211; Wednesday, July 6, 2016<\/a><\/p>\n","protected":false},"excerpt":{"rendered":"<p>&nbsp; Vlora 2024 Europen City of Sport Vlor\u00eb, Vlor\u00eb, Albania, Saturday, March 23, 2024 Tirana 3&#215;3 U14-MIX, Tiran\u00eb, Albania, Sunday, [&hellip;]<\/p>\n","protected":false},"author":1,"featured_media":0,"parent":0,"menu_order":0,"comment_status":"closed","ping_status":"closed","template":"","meta":{"footnotes":""},"class_list":["post-178","page","type-page","status-publish","hentry"],"_links":{"self":[{"href":"https:\/\/fshb.basketball\/index.php\/wp-json\/wp\/v2\/pages\/178","targetHints":{"allow":["GET"]}}],"collection":[{"href":"https:\/\/fshb.basketball\/index.php\/wp-json\/wp\/v2\/pages"}],"about":[{"href":"https:\/\/fshb.basketball\/index.php\/wp-json\/wp\/v2\/types\/page"}],"author":[{"embeddable":true,"href":"https:\/\/fshb.basketball\/index.php\/wp-json\/wp\/v2\/users\/1"}],"replies":[{"embeddable":true,"href":"https:\/\/fshb.basketball\/index.php\/wp-json\/wp\/v2\/comments?post=178"}],"version-history":[{"count":5,"href":"https:\/\/fshb.basketball\/index.php\/wp-json\/wp\/v2\/pages\/178\/revisions"}],"predecessor-version":[{"id":184,"href":"https:\/\/fshb.basketball\/index.php\/wp-json\/wp\/v2\/pages\/178\/revisions\/184"}],"wp:attachment":[{"href":"https:\/\/fshb.basketball\/index.php\/wp-json\/wp\/v2\/media?parent=178"}],"curies":[{"name":"wp","href":"https:\/\/api.w.org\/{rel}","templated":true}]}}