{"id":1669,"date":"2024-11-21T08:54:32","date_gmt":"2024-11-21T08:54:32","guid":{"rendered":"https:\/\/fshb.basketball\/?page_id=1669"},"modified":"2026-02-19T11:35:05","modified_gmt":"2026-02-19T11:35:05","slug":"u20-vajza","status":"publish","type":"page","link":"https:\/\/fshb.basketball\/index.php\/u20-vajza\/","title":{"rendered":"U20 Vajza"},"content":{"rendered":"<p><a href=\"https:\/\/fshb.basketball\/wp-content\/uploads\/2026\/02\/EAGLES-Lista-e-lojtareve-2025-26-Kampionati-Kombetar-U20Vajza-19.02.2026-1.pdf\">EAGLES Lista e lojtar\u00ebve 2025-26 Kampionati Komb\u00ebtar U20Vajza 19.02.2026<\/a><\/p>\n<p><a href=\"https:\/\/fshb.basketball\/wp-content\/uploads\/2025\/12\/KS-TIRANA-Lista-e-lojtareve-2025-26-Kampionati-Kombetar-U20-Vajza-04.12.2025.pdf\">KS TIRANA Lista e lojtar\u00ebve 2025-26 Kampionati Komb\u00ebtar U20 Vajza 04.12.2025<\/a><\/p>\n<p><a href=\"https:\/\/fshb.basketball\/wp-content\/uploads\/2025\/11\/PARTIZANI-Lista-e-lojtareve-2025-26-Kampionati-Kombetar-U20-Vajza.pdf\">PARTIZANI Lista e lojtar\u00ebve 2025-26 Kampionati Komb\u00ebtar U20 Vajza<\/a><\/p>\n","protected":false},"excerpt":{"rendered":"<p>EAGLES Lista e lojtar\u00ebve 2025-26 Kampionati Komb\u00ebtar U20Vajza 19.02.2026 KS TIRANA Lista e lojtar\u00ebve 2025-26 Kampionati Komb\u00ebtar U20 Vajza 04.12.2025 [&hellip;]<\/p>\n","protected":false},"author":1,"featured_media":0,"parent":0,"menu_order":0,"comment_status":"closed","ping_status":"closed","template":"","meta":{"footnotes":""},"class_list":["post-1669","page","type-page","status-publish","hentry"],"_links":{"self":[{"href":"https:\/\/fshb.basketball\/index.php\/wp-json\/wp\/v2\/pages\/1669","targetHints":{"allow":["GET"]}}],"collection":[{"href":"https:\/\/fshb.basketball\/index.php\/wp-json\/wp\/v2\/pages"}],"about":[{"href":"https:\/\/fshb.basketball\/index.php\/wp-json\/wp\/v2\/types\/page"}],"author":[{"embeddable":true,"href":"https:\/\/fshb.basketball\/index.php\/wp-json\/wp\/v2\/users\/1"}],"replies":[{"embeddable":true,"href":"https:\/\/fshb.basketball\/index.php\/wp-json\/wp\/v2\/comments?post=1669"}],"version-history":[{"count":14,"href":"https:\/\/fshb.basketball\/index.php\/wp-json\/wp\/v2\/pages\/1669\/revisions"}],"predecessor-version":[{"id":2800,"href":"https:\/\/fshb.basketball\/index.php\/wp-json\/wp\/v2\/pages\/1669\/revisions\/2800"}],"wp:attachment":[{"href":"https:\/\/fshb.basketball\/index.php\/wp-json\/wp\/v2\/media?parent=1669"}],"curies":[{"name":"wp","href":"https:\/\/api.w.org\/{rel}","templated":true}]}}